-16 - 2))).
4
28 + (14 - (-34 + 75))
1
What is the value of 7 + 5 + -9 - -21 - -3?
27
What is -130 + 50 + (-141 - -111)?
-110
13 - ((9 + -21 - -29) + -15)
11
53 - (21 - 19) - (-36 + 32)
55
Evaluate 388 + -502 + (-21 - -8 - (-1 - -9)).
-135
What is the value of 6 + 24 + 9 + -77?
-38
Evaluate -47 + 44 + -1 - (-10 - (5 + -1)).
10
Evaluate 64 - ((-4 - 4 - 3 - -7 - 2) + 12).
58
Evaluate -13 - (-17 + (5 + 2 - 3)) - 56.
-56
Evaluate 35 + (-39 - (-44 - -40)).
0
-41 + -57 + 175 - 42
35
Calculate -137 + -8 - (3 + -21 + (10 - (4 - 4))).
-137
Evaluate (-53 - -51 - (-2 - -4)) + -2 + -31.
-37
-51 + (-17 - (-11 - -8 - 4)) + 9
-52
(-73 - 48 - -127) + (14 - -1)
21
Calculate 107 + -72 - (-5 + 49).
-9
(9 - (-49 - -70)) + 9
-3
Calculate -33 + 51 + -57 + 49.
10
Evaluate (-20 - -13) + 12 + 17 + 4.
26
(85 - 91) + (-1 - 30) + 34 + -38
-41
What is the value of -2 + (-5 + 4 - (-36 + -124) - 25)?
132
188 + -190 + (20 - 4)
14
76 + (98 - 249) + 77
2
-34 - -1 - (-14 + (18 - (22 + 17)) + 31)
-29
Evaluate -39 - (25 - 39) - 10 - 22.
-57
What is the value of -1024 - -973 - (-57 - 0)?
6
What is -37 - (-51 + 36) - (2 + -8 - (2 + 0))?
-14
What is the value of 23 - ((61 - 1) + 341 + -350)?
-28
What is (23 - (-28 + 37)) + (1 - (-4 - -28))?
-9
What is the value of (-15 - (-8 - (-18 - 2))) + 29?
2
What is the value of (-1 + 2 - 18) + (-1 - -26)?
8
Calculate 1 + 11 + -55 + -1 + 4 - 5.
-45
Calculate -119 + (-23 + (45 - 41) - -25).
-113
Evaluate 2 - (34 + 0 - 45).
13
Calculate -8 - (-1 + (-1 - (-11 - -32))).
15
What is (82 - 87 - (-1 + 2)) + (25 - (-3 - -5))?
17
What is -6 - 6 - (-9 - (7 - 25))?
-21
What is (29 - (42 + -131 + 36)) + (0 - 1 - 9)?
72
18 + 53 + -1 - 126
-56
What is the value of (29 + 37 - 44) + (-3 + 10 + -3 - -6)?
32
Calculate -58 - (0 + 23 + (-962 - -952)).
-71
Evaluate -277 - -104 - -112 - -142.
81
(34 - 30) + 2 + -1 + -6 - (573 + -524)
-50
Evaluate (-77 - (36 - 36)) + 32.
-45
What is the value of -4 + 5 + -5 + 9 + (19 - 1 - 26)?
-3
Evaluate (47 - (1 + -22)) + -60.
8
What is the value of 28 - (-14 + (5 - 4) + -7)?
48
(27 + (-17 - -85) - (2 - -20)) + 24
97
(25 - 13 - 21) + 3 - -5 - 22
-23
What is -4345 + 4412 - (12 - -1)?
54
Calculate -3 - ((-37 - (20 - 23)) + 19).
12
What is -10 + 0 - (16 + 5 + -32 + 9)?
-8
Calculate -835 - -802 - (-1 + 4) - 43.
-79
What is the value of 75 + 35 + (-60 - 28)?
22
6 + (-2 - -3) + (6693 - 6803)
-103
What is the value of 2 - 2 - -4 - (10 + -28 + 2 + 24)?
-4
Calculate (-6 - ((-1 - -3) + -11)) + 17 + 17.
37
What is the value of -329 + 379 + -3 + -23?
24
Calculate 23 + -1 + -16 + 53 + 4 + -25.
38
Evaluate -19 + -22 + 15 + -1 + 9 + -6.
-24
What is (11 - (-20 - -17 - -13)) + 6?
7
What is (7 - (25 + -6)) + -7?
-19
Evaluate 0 + (87 - (-16 - -9)) + 4 + 6 + -14.
90
16 - (-27 - -36 - (-1 + -11))
-5
What is -54 - (-92 + (32 - -6))?
0
What is the value of (-119 + -34 - -36) + 43 - 18?
-92
(-1 + -14 - 23) + -19 + (-12 - -15)
-54
Evaluate 18 - (1016 - 1010 - (-1 + (-2 - 2))).
7
What is -53 - -143 - 61 - 74?
-45
Calculate (9 - ((15 - 28) + 8 + 4)) + -14.
-4
Calculate -99 + -3 - (1382 - 1417).
-67
What is 8 + 1 - (-25 + (-102 - -145))?
-9
Evaluate (-146 - (-5 - 12)) + 18 + -6 + -4 + 0.
-121
35 - (40 + -25 + (-5 - -8))
17
Evaluate -21 - (-109 - (72 - 65)).
95
(-1 - -17) + 13 + 15 + (-8 - 29) + 15
22
Evaluate 1 + -22 + 10 + -9 - (53 - 16).
-57
What is the value of (51 + -46 + (0 - -18) - (30 + -14)) + -42?
-35
133 - (-113 - (-188 - -39))
97
0 + 31 + 1 + (57 - 38) + -20
31
What is the value of -35 - 36 - -61 - -24?
14
-38 - ((25 - 5) + -8 + -6)
-44
-1 - -7 - ((-38 - (-13 + 15)) + 13 + 17)
16
What is (56 - (6 - 10)) + (44 - 32 - 19)?
53
-27 - (-72 + (56 - 36))
25
Evaluate (10 - (25 - 13)) + 1 + -21 + 8.
-14
(-70 - -118 - 76) + (-3 - 26)
-57
67 - (122 + (66 - 249))
128
Evaluate 1 + 1 - 9 - (-512 + 549).
-44
-7 + (29 - 18) + -11 + 0
-7
What is -42 + (-10 + 24 - (-1 + -2 - -5))?
-30
What is the value of (5 + 15 + -13 - -4) + -45?
-34
(-14 - 30) + 39 - (51 + (1 - (8 + -4)))
-53
What is the value of -15 - (67 + -55) - -82?
55
What is 30 - (-12 - -50) - (0 + (-2 - 56) + 3)?
47
Evaluate 71 - (37 + 13 + -29).
50
Evaluate -64 + (-40 + 41 + (33 - 1) - 16).
-47
What is the value of 123 - (141 - (166 - 13))?
135
What is 23 + -1 + (22 + -5 - (5 - -49))?
-15
What is the value of (-4 - -5) + (-16 - 62)?
-77
What is the value of -14 + (1 + -24 - -31) - -48?
42
What is 4 + -66 - (-385 - -384)?
-61
Calculate 71 + -14 + 0 + 1 + 29 + -6.
81
Calculate -45 + 0 + 17 + -16 + 123.
79
Calculate (-12 + -1 - 1 - -4) + 4 - (-348 - -354).
-12
What is (-465 - -455 - (-3 - (7 + -2))) + 50?
48
Evaluate 57 - 0 - (-22 + 102).
-23
-3 - (67 - 23) - (4 - 20)
-31
Evaluate (-76 - -63) + 3 + -4 + 43.
29
Evaluate -297 + 287 - (-38 + (-5 - (-1 + 1))).
33
Evaluate (-25 - (4 - (19 + (8 - 10)))) + -42.
-54
What is the value of (-34 + 2 - (77 - 108 - -31)) + 10 + 0?
-22
What is (1 - -15) + (-69 - -50) + -14?
-17
Evaluate -2 + 83 + (1870 - 1913).
38
Evaluate 7 + -4 + -82 - (52 + -55).
-76
43 + -64 + (5 - -42) - 51
-25
(-10 - -12 - -8 - -8) + (-7 - 3) + 4
12
1 - (-4 + 1 - (2 + (-18 - -11))) - -62
61
1 + -13 + (-11 + 26 - 7)
-4
Calculate -6 - (35 + -37 - -1).
-5
Calculate 13 - (-37 - (-9 - -11)) - (4 - -8).
40
What is the value of -6 - -12 - (-75 + (-12 - -40))?
53
What is 80 + (1 - 79) + (77 + -7 - -7)?
79
Calculate -8565 + 8578 + (3 + (-3 - 1) - (-8 + -2)).
22
-2 - -9 - (51 + 10 + -40)
-14
What is (44 - (-98 - -62)) + -66?
14
What is 42 + -57 + (9 - 0) + -10?
-16
What is the value of -25 - (-10 - ((-18 - (-3 + -7)) + -3) - 3)?
-23
Calculate 36 + (-33 - (7 - (30 - 11))).
15
What is 119 - 68 - -48 - 57?
42
What is (-2 - ((43 - 0) + (-58 - -46))) + 4?
-29
(-14 - (-13 - 48 - -23)) + (-2 - (-7 + 3))
26
(5 + -27 - -31) + -4 + -9
-4
What is 50 - (-14 - (34 - 65))?
33
Evaluate -2 + (-14 - -38) + 30 + 25.
77
Calculate 19 + 1 + -1 + 17 + (387 - 476).
-53
What is 1 + -15 - (-93 + 75) - (2 + 43)?
-41
What is -4 + 5 + 40 + -57 + 3?
-13
What is the value of (-28 + 163 + -12 - (-13 - -23)) + (-10 - 1)?
102
(21 + -6 - (-1 + 4)) + 5 + 0
17
Calculate 1 + (2 - -2) + (-18 + 25 - 60) + 16.
-32
What is the value of -13 + (285 + -300 - (-87 + -2 + -1))?
62
What is 31 + -9 + -34 + (59 - 1)?
46
Calculate (-59 - (23 + -18)) + (2 - 16) + -11.
-89
What is the value of (13 - (5 + 4 + (-12 - -10))) + (-3 - 2)?
1
(-1 - 76) + -2 + 6 + -164 + 152
-85
Evaluate 4 - 1 - (17 - -47) - (-37 + 24).
-48
What is the value of -95 - (83 + -100 - 34)?
-44
What is -14 + -3 - (-1090 - -994)?
79
Calculate -88 + (73 - 48) + 69.
6
Evaluate -151 + 141 - (-24 + 2) - (-35 + 12).
35
(49 - 54 - (-9 - -4 - 5)) + 41
46
13 - (10 + (11 - -1 - 8) + (54 - 47))
-8
Calculate (-1 - -129) + (-181 - (-76 + -63)).
86
2 - -69 - (2 + 1 - (-22 + 21) - 2)
69
Evaluate 3 + (-27 + 37 - 31) - -14.
-4
Calculate (1 - 4) + 142 + -29 + -18.
92
What is the value of 32 - (64 - (3 + -16))?
-45
What is 3 - (111 + (0 + -7 - 26))?
-75
Calculate (-71 - 40) + -48 + 87.
-72
Calculate (-74 - (-48 - 96)) + -57.
13
-4 + -8 + 5 - (21 + 91 + -3)
-116
13 + (18 - 0) + -41 + -84 + 24
-70
-19 + -26 + 2 + -11 + 0 - (-14 + 6)
-46
What is 30 - (19 + (-11 + 6 - 5) + (0 - 4))?
25
-98 - (79 + (110 - 229))
-58
Evaluate -5 + 11 + -5 + 1 + (-4 - 2) + 60.
56
-3 - ((-6 - -6) + -7) - (0 + -43 - -11)
36
What is (-8 - (3 - -16)) + 7 + (-269 - -246)?
-43
Calculate 17 + (0 - -22) + (-69 - (-135 - -74)).
31
Evaluate (-2 + -6 - -6) + -41 + 5 + -2.
-40
Calculate (1 - -10) + (2731 - 2769).
-27
Calculate -45 + 31 - (-10 + -12 + -4).
12
What is the value of -5 + 24 + ((5 - 6) + 10 - 8)?
20
Calculate 53 - (2 + 16 + -4 + (11 - (-3 + 16))).
41
Evaluate 2 - (-93 - -2) - -3 - (41 + -33 + -16).
104
-13 - (-19 + (-19 - 8) + 15)
18
Calculate -33 - (24 - (-16 - -36)).
-37
Calculate 9 - (3 + (-23 + 9 - (-13 + 1))).
8
What is 0 - 18 - (-333 + 279)?
36
What is -14 + (32 - 21 - -11) - 9?
-1
What is (0 - -4) + 28 - (-2293 - -2238)?
87
What is the value of -44 + 118 + (-35 - 17)?
22
(-692 - -735) + (1 - 14)
30
Calculate -3 + -34 + (-42 - -3) + 32.
-44
What is (46 - (57 + -39)) + 0?
28
Calculate -521 - -507 - (2 + (0 - 0) + -35).
19
What is 16 + -21 + (15 + 6 - 14) + 7?
9
Calculate 9 - (220 + -151 + -190).
130
What is -28 - (-37 - 2 - (234 + -254))?
-9
What is the value of 287 - 298 - (-2 + (49 - 0)) - 4?
-62
Calculate (10 - (3 - -2)) 